 when 161 is divided by 44?
29
What is the remainder when 1448 is divided by 69?
68
Calculate the remainder when 1561 is divided by 68.
65
What is the remainder when 103 is divided by 31?
10
Calculate the remainder when 34 is divided by 12.
10
Calculate the remainder when 1552 is divided by 516.
4
Calculate the remainder when 638 is divided by 620.
18
Calculate the remainder when 190 is divided by 86.
18
Calculate the remainder when 186 is divided by 5.
1
What is the remainder when 552 is divided by 262?
28
What is the remainder when 8145 is divided by 2715?
0
What is the remainder when 305 is divided by 17?
16
What is the remainder when 259 is divided by 29?
27
What is the remainder when 1149 is divided by 165?
159
What is the remainder when 31 is divided by 19?
12
Calculate the remainder when 182 is divided by 70.
42
What is the remainder when 538 is divided by 60?
58
Calculate the remainder when 4180 is divided by 261.
4
Calculate the remainder when 61 is divided by 50.
11
Calculate the remainder when 4969 is divided by 74.
11
Calculate the remainder when 303 is divided by 47.
21
Calculate the remainder when 1118 is divided by 70.
68
What is the remainder when 608 is divided by 307?
301
Calculate the remainder when 392 is divided by 89.
36
What is the remainder when 256 is divided by 52?
48
Calculate the remainder when 341 is divided by 67.
6
What is the remainder when 454 is divided by 44?
14
Calculate the remainder when 138 is divided by 36.
30
What is the remainder when 39 is divided by 7?
4
Calculate the remainder when 98 is divided by 22.
10
What is the remainder when 6 is divided by 1?
0
Calculate the remainder when 130 is divided by 12.
10
What is the remainder when 430 is divided by 10?
0
What is the remainder when 184 is divided by 87?
10
Calculate the remainder when 47 is divided by 6.
5
What is the remainder when 323 is divided by 6?
5
Calculate the remainder when 3259 is divided by 48.
43
Calculate the remainder when 15562 is divided by 2.
0
Calculate the remainder when 1473 is divided by 9.
6
What is the remainder when 451 is divided by 7?
3
What is the remainder when 187 is divided by 39?
31
Calculate the remainder when 317 is divided by 37.
21
What is the remainder when 762 is divided by 7?
6
Calculate the remainder when 573 is divided by 8.
5
Calculate the remainder when 3926 is divided by 17.
16
What is the remainder when 230 is divided by 73?
11
Calculate the remainder when 100 is divided by 26.
22
What is the remainder when 119 is divided by 40?
39
Calculate the remainder when 78 is divided by 4.
2
Calculate the remainder when 616 is divided by 191.
43
What is the remainder when 4545 is divided by 21?
9
Calculate the remainder when 3727 is divided by 37.
27
What is the remainder when 166 is divided by 85?
81
Calculate the remainder when 1145 is divided by 24.
17
What is the remainder when 81 is divided by 37?
7
What is the remainder when 12241 is divided by 26?
21
What is the remainder when 513 is divided by 86?
83
What is the remainder when 3637 is divided by 135?
127
What is the remainder when 1126 is divided by 23?
22
Calculate the remainder when 59 is divided by 8.
3
Calculate the remainder when 729 is divided by 61.
58
Calculate the remainder when 137 is divided by 16.
9
Calculate the remainder when 197 is divided by 18.
17
Calculate the remainder when 1907 is divided by 53.
52
Calculate the remainder when 62 is divided by 8.
6
What is the remainder when 11644 is divided by 19?
16
What is the remainder when 11494 is divided by 12?
10
Calculate the remainder when 981 is divided by 21.
15
What is the remainder when 287 is divided by 93?
8
What is the remainder when 325 is divided by 84?
73
What is the remainder when 323 is divided by 110?
103
What is the remainder when 72 is divided by 37?
35
Calculate the remainder when 1954 is divided by 487.
6
What is the remainder when 832 is divided by 79?
42
What is the remainder when 397 is divided by 8?
5
What is the remainder when 1623 is divided by 3?
0
What is the remainder when 290 is divided by 93?
11
Calculate the remainder when 11557 is divided by 170.
167
Calculate the remainder when 301 is divided by 19.
16
What is the remainder when 1239 is divided by 20?
19
Calculate the remainder when 11709 is divided by 16.
13
Calculate the remainder when 3211 is divided by 63.
61
What is the remainder when 2005 is divided by 8?
5
What is the remainder when 208 is divided by 28?
12
Calculate the remainder when 10365 is divided by 146.
145
What is the remainder when 159 is divided by 25?
9
Calculate the remainder when 173 is divided by 30.
23
What is the remainder when 223 is divided by 143?
80
Calculate the remainder when 47 is divided by 8.
7
Calculate the remainder when 32 is divided by 6.
2
Calculate the remainder when 153 is divided by 25.
3
What is the remainder when 38 is divided by 15?
8
What is the remainder when 56 is divided by 22?
12
Calculate the remainder when 717 is divided by 237.
6
What is the remainder when 53 is divided by 22?
9
What is the remainder when 46 is divided by 17?
12
What is the remainder when 1477 is divided by 20?
17
Calculate the remainder when 71147 is divided by 25.
22
Calculate the remainder when 249 is divided by 61.
5
Calculate the remainder when 531 is divided by 184.
163
What is the remainder when 1269 is divided by 67?
63
Calculate the remainder when 204 is divided by 54.
42
Calculate the remainder when 3484 is divided by 1154.
22
Calculate the remainder when 195 is divided by 20.
15
Calculate the remainder when 820 is divided by 103.
99
What is the remainder when 12648 is divided by 22?
20
What is the remainder when 232 is divided by 34?
28
Calculate the remainder when 85 is divided by 43.
42
What is the remainder when 26 is divided by 2?
0
What is the remainder when 47 is divided by 6?
5
Calculate the remainder when 226 is divided by 78.
70
Calculate the remainder when 513 is divided by 12.
9
What is the remainder when 551 is divided by 69?
68
What is the remainder when 1986 is divided by 10?
6
Calculate the remainder when 769 is divided by 52.
41
Calculate the remainder when 537 is divided by 90.
87
What is the remainder when 70 is divided by 8?
6
Calculate the remainder when 1324 is divided by 83.
79
What is the remainder when 411 is divided by 104?
99
What is the remainder when 779 is divided by 69?
20
What is the remainder when 2409 is divided by 21?
15
Calculate the remainder when 11949 is divided by 83.
80
What is the remainder when 15 is divided by 7?
1
Calculate the remainder when 4938 is divided by 43.
36
Calculate the remainder when 366 is divided by 132.
102
What is the remainder when 553 is divided by 32?
9
What is the remainder when 4722 is divided by 103?
87
Calculate the remainder when 2139 is divided by 51.
48
Calculate the remainder when 769 is divided by 155.
149
What is the remainder when 407 is divided by 34?
33
Calculate the remainder when 455 is divided by 147.
14
What is the remainder when 39 is divided by 10?
9
Calculate the remainder when 373 is divided by 42.
37
Calculate the remainder when 1814 is divided by 79.
76
Calculate the remainder when 82 is divided by 79.
3
What is the remainder when 201 is divided by 12?
9
Calculate the remainder when 1999 is divided by 1988.
11
What is the remainder when 2746 is divided by 25?
21
Calculate the remainder when 10994 is divided by 9.
5
Calculate the remainder when 1899 is divided by 623.
30
Calculate the remainder when 69 is divided by 68.
1
Calculate the remainder when 132 is divided by 38.
18
What is the remainder when 260 is divided by 202?
58
What is the remainder when 259 is divided by 29?
27
What is the remainder when 709 is divided by 42?
37
Calculate the remainder when 357 is divided by 92.
81
What is the remainder when 191 is divided by 17?
4
What is the remainder when 155 is divided by 147?
8
Calculate the remainder when 7287 is divided by 270.
267
What is the remainder when 203 is divided by 36?
23
What is the remainder when 2137 is divided by 31?
29
Calculate the remainder when 46 is divided by 24.
22
Calculate the remainder when 430 is divided by 226.
204
What is the remainder when 236 is divided by 61?
53
What is the remainder when 6760 is divided by 23